ppose -a*f + 4*w - 3 = -6, -6 = 2*f - 4*w. Is 69/f*5 + 0 prime?
False
Let y(x) = -6*x**2 - 10*x - 49. Let z be y(-7). Let j = -132 - z. Is j prime?
False
Let t = 45427 - 28508. Is t composite?
True
Let y(h) = h**3 + 6*h**2 - h - 2. Suppose 4*t = 3*u + 30, 5*u + 27 = 2*t - 3*t. Let r be y(u). Suppose -63 - 37 = -r*j. Is j a prime number?
False
Is (0 + 4)*-21415*(-8)/160 composite?
False
Is 1/3*(9 - -4536) - 4 prime?
True
Let a(d) = 320*d + 7. Let f(q) = -205*q - 2 - 3 - 8*q. Let t(w) = -5*a(w) - 8*f(w). Is t(2) a prime number?
False
Let i = -22 + 9. Let l(k) = 8*k**2 + 8*k + 5. Let p be l(7). Is 1 + 0 - (i - p) a prime number?
True
Let x(p) = 177*p + 5. Is x(4) a composite number?
True
Suppose v = 2*q - 2, 5*v + 8 - 20 = -q. Let l be 1264 + q + (-12)/3. Suppose -5*s + 607 = k - l, s = -5*k + 393. Is s composite?
False
Suppose 5*v = -4*f + 10*v + 10724, 2*v = 3*f - 8043. Is f a composite number?
True
Let j(y) = y**3 + y**2 + 2*y + 4. Let q be j(0). Let i(s) = 19*s**2 + 2*s - 1. Is i(q) a prime number?
True
Let j be (-19)/2 - (-15)/10. Let o = j + 12. Suppose 0 = 2*u - 4*w - 198, -o*u + 6*u + 5*w - 189 = 0. Is u a prime number?
True
Let x be (-15972)/44 + 1 + -1*3. Let b = 864 + x. Is b a composite number?
False
Suppose -2*s = -2, -7*g = -4*g + 3*s - 195. Let u = g - -11. Suppose -2*y + u + 107 = 0. Is y composite?
True
Is 3 + 1 + 1 - -1446 prime?
True
Let q(d) = 3*d**2 - 5*d - 3. Let r be q(3). Is 42/r*(-165)/(-10) a composite number?
True
Suppose -5096 = -3*v + 1201. Is v composite?
False
Let u = 33 + -28. Suppose -2*f + 3*w = 180, 4*f + 268 = f + u*w. Let q = -38 - f. Is q a prime number?
False
Is 87 + -4 - (-2 - -2) composite?
False
Suppose 56*c + 23451 = 59*c. Is c composite?
False
Let x = 3346 + -1608. Suppose 5*l + 2696 = 3*m, 3*m - l = x + 978. Is m a composite number?
False
Let i = -31502 - -10193. Is (1 - 0)/(1/i*-3) composite?
False
Let g be (-20)/(-6) + (-4)/12. Let w = g - 1. Suppose -w*d - 4*q + 158 = 0, 2*d + 3*q = -0*d + 158. Is d a composite number?
False
Let a(s) = 10*s. Let b be a(-1). Let i = b + 10. Let z(u) = u + 46. Is z(i) composite?
True
Let c(m) = m**3 + m**2 - 5*m - 3. Let i be c(-3). Is (182 + -4)/(i/(-21)) a prime number?
False
Suppose 0 = -2*y - 3*w + 4*w + 3, -3*w = 4*y - 11. Suppose -3*m = -y*m + 15. Is ((-85)/m)/(1/15) prime?
False
Is (6 - 8)*(222366/4)/(-3) composite?
False
Let h(n) = 18*n**3 - 4*n**2 + 3*n - 6. Is h(7) prime?
False
Let q = 5900 + -2067. Is q composite?
False
Let p(d) = -d**3 + 36*d**2 + 65*d + 99. Is p(28) composite?
False
Let y(f) = f**3 + 4*f**2 + f - 3. Let m be y(4). Let t = -223 + m. Let p = -41 - t. Is p prime?
True
Let a(i) be the second derivative of -i**5/20 + i**3/6 - 5*i. Let u be a(1). Suppose u = x + 2*w - 493, -1353 - 146 = -3*x + 4*w. Is x a prime number?
False
Let m(y) = 11*y**3 - 4*y**2 + 5*y + 5. Let d be m(-4). Let l = 1154 + d. Is l composite?
True
Let y(k) = -k**3 + 4*k**2 + 4*k + 4. Let b(i) = -i**3 + 2*i**2 + 5*i - 3. Let s be b(2). Let l be y(s). Let v = 652 + l. Is v a prime number?
False
Suppose 0*j - 12 = -3*j. Suppose v = -j*v - 10. Is 2/2 - (v - 8) composite?
False
Suppose -3*w - 5*q + 4967 = 0, 4*w - 6604 = 15*q - 17*q. Is w a composite number?
True
Let j be ((-3)/(-3))/((-6)/(-18)). Let y = -1 + 6. Suppose j*l + m - 492 = 0, -2*l + 287 + 24 = -y*m. Is l prime?
True
Is 39751/21 + (3664/(-336) - -11) a composite number?
True
Suppose 4*f = 15645 + 15623. Is f composite?
False
Let h = -610 + 233. Let y = h + 670. Is y a prime number?
True
Suppose 3625862 = 105*g - 11*g. Is g composite?
True
Suppose 8*a - 244318 = 12474. Is a a composite number?
False
Suppose -2*m + 5*m = -2724. Let b = m - -1429. Is b prime?
True
Let f(w) = 5*w + 1. Let p be f(1). Let j(u) = -u**3 - 3*u + 7. Let o be j(p). Let q = -22 - o. Is q prime?
False
Let s = -407 + 670. Is s a composite number?
False
Suppose 8270 + 10024 = 6*o. Is o a composite number?
False
Let g(d) = 101*d**2 + 4*d + 5. Let w be g(5). Suppose -383 = -4*b - 3*r + 1654, -5*r + w = 5*b. Suppose -b = -l + 34. Is l composite?
False
Let m be (156/15)/4 + 12/30. Suppose -v - 4 = 1, 0 = -4*h + m*v + 6787. Is h composite?
False
Let i(m) = m**2 + 9*m + 10. Let s be i(-6). Let d(z) = z**3 - 4*z**2 - 5*z - 4. Let o be d(5). Is 20*(1 - o/s) prime?
False
Let a be 3*(1/(-6))/(6/(-24)). Is (-4 + a)*2 - -50 a prime number?
False
Let m = 9 + -9. Suppose m = -2*g - 1326 - 300. Let i = g + 1192. Is i composite?
False
Let l(t) = 633*t**2 + t + 1. Let z(v) = -2*v + 6. Let i be z(9). Let o = i + 13. Is l(o) prime?
False
Let z be 3*(((-14)/3)/(-2) + 0). Suppose z*m = 13*m - 19218. Is m composite?
False
Let d = 9 + -11. Let p be (1 - 0)/(d/12). Is 12/(-4)*1246/p a composite number?
True
Let q = 1402 + -513. Suppose 6*s - q = -s. Is s prime?
True
Suppose -23*f + 420427 = 141000. Is f composite?
False
Is (6921838/770)/((-1)/(-5)) a prime number?
False
Let r = 72 - 72. Suppose r = -2*s - 7*s + 11241. Is s a composite number?
False
Let c(n) = -10*n**3 + 5*n**3 + 3*n**3 + n + 1 + n**3. Let s be c(-2). Suppose 1032 = s*i + 45. Is i a prime number?
False
Let f be (-2 + -5 + -1)*(1 - 2). Suppose -4*g + 6*y - f*y + 826 = 0, -189 = -g - 4*y. Is g a composite number?
True
Let d(l) = -l + 6. Let o be d(0). Let t be (-6)/(-4)*16/o. Let a(s) = s**3 - 4*s**2 + 3*s + 2. Is a(t) composite?
True
Suppose 0 = 7*i - 2479 - 1840. Suppose g = i + 696. Is g prime?
False
Let f = -654 - -2632. Suppose 7*n - f - 2551 = 0. Is n a composite number?
False
Let s(q) = q**2 - 11*q + 22. Let z be s(9). Suppose -z*y + 3*y + 821 = 0. Is y prime?
True
Let l be 3 + (0 - 2/2). Let s(t) = -10*t - 1 + 12*t + 0*t. Is s(l) a prime number?
True
Let r be 124/(-4) - (3 - -1). Let a = r - -35. Suppose -5*i - 2*u + 854 = -37, a = 5*i - 4*u - 903. Is i a composite number?
False
Let p = -70 - -143. Suppose 5*o + m = 211, 4*o - p = -4*m + 83. Suppose -5*v + 228 = o. Is v prime?
True
Let j = -10569 + 21548. Is j prime?
True
Suppose 3*j + 13976 = 5*j - 5*g, -j + 5*g = -6993. Is j composite?
False
Let n(a) = 104*a - 3. Let z = -8 + 4. Let m be n(z). Let j = m - -684. Is j composite?
True
Suppose -2*z = 4, -3*k + 572681 = z + 40240. Is k prime?
True
Is -1*(4 - 1)*(-12908 - 33) a prime number?
False
Is (-14)/((-4158)/2831323) - 4/54 prime?
True
Suppose 178784 = -7*x + 39*x. Is x prime?
False
Let n = 41318 + -29499. Is n composite?
True
Suppose 2*d - 9471 = -3*a, 5*a = -d + 2486 + 2246. Is d composite?
True
Suppose 2*i - 4*y - y = -1684, -4*i = -2*y + 3384. Suppose 2*c - 6*c + 6080 = 0. Let n = c + i. Is n composite?
False
Suppose -11931 = -7*g + 18106. Is g a prime number?
False
Let n(l) = -9*l - 3. Let q be n(-1). Is (18 + -4)/(q/1041) composite?
True
Let w = 6317 - -2904. Is w composite?
False
Let c be (20/8)/((-2)/4). Is 63 + c/((-20)/8) composite?
True
Suppose 2*u - 6 = 5*j + 2, j + 8 = 2*u. Suppose 8 = 2*o + 4*v, -5*o - 3 - u = v. Let s(i) = -347*i**3 + 2*i**2 + 3*i + 1. Is s(o) a composite number?
True
Is (-66)/297 + 650765/9 composite?
False
Let x(j) = 599*j + 15. Is x(2) a prime number?
True
Let d(v) = v**3 + v**2 + 3*v - 2372. Let g be d(0). Is g/8*(-8)/4 composite?
False
Let g(a) = -a**3 + 5*a**2 - a + 4. Let v be g(5). Is v*(-3)/1 + 160/1 composite?
False
Let l(z) = z**2 - 2*z + 3. Let f be l(0). Let r(b) = -3*b**3 + 2*b + 8*b**2 + 2*b**f + 0*b + 5. Is r(6) a composite number?
False
Let c(x) = x**3 + 12*x**2 + x - 12. Let h be c(-13). Let n = h + 405. Is n prime?
True
Suppose -y - 3*x = x + 4, -38 = 4*y + 5*x. Let z(v) = -v - 9. Let t be z(y). Suppose -t*b - 1 + 43 = 0. Is b composite?
True
Let d(i) = -i**2 + 8*i - 13. Let z be d(3). Suppose 2*f = 3*y + 4*f - 3863, 3*y = z*f + 3847. Is y composite?
True
Let z = -1268 + 2587. Is z a composite number?
False
Suppose 4*g - 1119 = -j, j + 3*g - 4489 = -3*j. Suppose -11*z = -670 - j. Is z a composite number?
False
Suppose -104*q = -33*q - 142. Suppose -198 = -3*g - 5*k + 125, -3*k = 4*g - 438. Suppose g = -n + q*n. Is n prime?
False
Let s = 791 - 417. Suppose h = -h + s. Is h a prime number?
False
Let s(n) = 48*n**2 - 4*n + 2. Suppose -9 = 3*m, -3*i - 4*m - 8 = -i. Suppose -i*k + 5*b - 2*b + 9 = 0, b = -1. Is s(k) composite?
True
Suppose 0 = 2*v - 5*w + 436, 3*v + 170 + 491 = 4*w. Let z = -404 - v. Let r = 466 - z. Is r prime?
True
Let a be (-154